{"id":223,"date":"2020-12-09T16:27:03","date_gmt":"2020-12-09T16:27:03","guid":{"rendered":"http:\/\/lieblingsmalerei.de\/?page_id=223"},"modified":"2020-12-09T16:55:58","modified_gmt":"2020-12-09T16:55:58","slug":"bunte-steine","status":"publish","type":"page","link":"https:\/\/www.lieblingsmalerei.de\/herzlich-willkommen\/bunte-steine\/","title":{"rendered":"&#8222;bunte&#8220; Steine"},"content":{"rendered":"<p>Unter bunte Steine fallen bei mir alle Steinchen an, die keine Portraits zeigen, sondern farbenfrohe Kunstwerke. Oft hole ich mir Inspirationen aus dem Internet. Alle Steine werden erst auf Nachfrage produziert auch die Gr\u00f6\u00dfe wird dann auf Wunsch festgelegt, \u00e4hnlich wie bei den Tierportraits, allerdings sind diese Steine oft l\u00e4nglicher. Hier ein paar Inpressionen:<\/p>\n<p><img loading=\"lazy\" decoding=\"async\" class=\"alignnone wp-image-175 size-large\" src=\"http:\/\/lieblingsmalerei.de\/wp-content\/uploads\/2020\/12\/image00099-768x1024.jpeg\" alt=\"\" width=\"768\" height=\"1024\" srcset=\"https:\/\/www.lieblingsmalerei.de\/wp-content\/uploads\/2020\/12\/image00099-768x1024.jpeg 768w, https:\/\/www.lieblingsmalerei.de\/wp-content\/uploads\/2020\/12\/image00099-600x800.jpeg 600w, https:\/\/www.lieblingsmalerei.de\/wp-content\/uploads\/2020\/12\/image00099-225x300.jpeg 225w, https:\/\/www.lieblingsmalerei.de\/wp-content\/uploads\/2020\/12\/image00099-158x210.jpeg 158w, https:\/\/www.lieblingsmalerei.de\/wp-content\/uploads\/2020\/12\/image00099-1536x2048.jpeg 1536w, https:\/\/www.lieblingsmalerei.de\/wp-content\/uploads\/2020\/12\/image00099-1960x2613.jpeg 1960w, https:\/\/www.lieblingsmalerei.de\/wp-content\/uploads\/2020\/12\/image00099-scaled.jpeg 1920w\" sizes=\"(max-width: 768px) 100vw, 768px\" \/> <img loading=\"lazy\" decoding=\"async\" class=\"alignnone wp-image-173 size-large\" src=\"http:\/\/lieblingsmalerei.de\/wp-content\/uploads\/2020\/12\/image00097-768x1024.jpeg\" alt=\"\" width=\"768\" height=\"1024\" srcset=\"https:\/\/www.lieblingsmalerei.de\/wp-content\/uploads\/2020\/12\/image00097-768x1024.jpeg 768w, https:\/\/www.lieblingsmalerei.de\/wp-content\/uploads\/2020\/12\/image00097-600x800.jpeg 600w, https:\/\/www.lieblingsmalerei.de\/wp-content\/uploads\/2020\/12\/image00097-225x300.jpeg 225w, https:\/\/www.lieblingsmalerei.de\/wp-content\/uploads\/2020\/12\/image00097-158x210.jpeg 158w, https:\/\/www.lieblingsmalerei.de\/wp-content\/uploads\/2020\/12\/image00097-1536x2048.jpeg 1536w, https:\/\/www.lieblingsmalerei.de\/wp-content\/uploads\/2020\/12\/image00097-1960x2613.jpeg 1960w, https:\/\/www.lieblingsmalerei.de\/wp-content\/uploads\/2020\/12\/image00097-scaled.jpeg 1920w\" sizes=\"(max-width: 768px) 100vw, 768px\" \/><\/p>\n<p><img loading=\"lazy\" decoding=\"async\" class=\"alignnone wp-image-176 size-large\" src=\"http:\/\/lieblingsmalerei.de\/wp-content\/uploads\/2020\/12\/image00100-1024x759.jpeg\" alt=\"\" width=\"925\" height=\"686\" srcset=\"https:\/\/www.lieblingsmalerei.de\/wp-content\/uploads\/2020\/12\/image00100-1024x759.jpeg 1024w, https:\/\/www.lieblingsmalerei.de\/wp-content\/uploads\/2020\/12\/image00100-600x445.jpeg 600w, https:\/\/www.lieblingsmalerei.de\/wp-content\/uploads\/2020\/12\/image00100-300x222.jpeg 300w, https:\/\/www.lieblingsmalerei.de\/wp-content\/uploads\/2020\/12\/image00100-768x569.jpeg 768w, https:\/\/www.lieblingsmalerei.de\/wp-content\/uploads\/2020\/12\/image00100-210x156.jpeg 210w, https:\/\/www.lieblingsmalerei.de\/wp-content\/uploads\/2020\/12\/image00100-1536x1138.jpeg 1536w, https:\/\/www.lieblingsmalerei.de\/wp-content\/uploads\/2020\/12\/image00100-1960x1453.jpeg 1960w\" sizes=\"(max-width: 925px) 100vw, 925px\" \/><\/p>\n<p><img loading=\"lazy\" decoding=\"async\" class=\"alignnone wp-image-184 size-large\" src=\"http:\/\/lieblingsmalerei.de\/wp-content\/uploads\/2020\/12\/image00108-1024x768.jpeg\" alt=\"\" width=\"925\" height=\"694\" srcset=\"https:\/\/www.lieblingsmalerei.de\/wp-content\/uploads\/2020\/12\/image00108-1024x768.jpeg 1024w, https:\/\/www.lieblingsmalerei.de\/wp-content\/uploads\/2020\/12\/image00108-600x450.jpeg 600w, https:\/\/www.lieblingsmalerei.de\/wp-content\/uploads\/2020\/12\/image00108-300x225.jpeg 300w, https:\/\/www.lieblingsmalerei.de\/wp-content\/uploads\/2020\/12\/image00108-768x576.jpeg 768w, https:\/\/www.lieblingsmalerei.de\/wp-content\/uploads\/2020\/12\/image00108-210x158.jpeg 210w, https:\/\/www.lieblingsmalerei.de\/wp-content\/uploads\/2020\/12\/image00108-1536x1152.jpeg 1536w, https:\/\/www.lieblingsmalerei.de\/wp-content\/uploads\/2020\/12\/image00108-1960x1470.jpeg 1960w\" sizes=\"(max-width: 925px) 100vw, 925px\" \/> <img loading=\"lazy\" decoding=\"async\" class=\"alignnone wp-image-182 size-large\" src=\"http:\/\/lieblingsmalerei.de\/wp-content\/uploads\/2020\/12\/image00106-768x1024.jpeg\" alt=\"\" width=\"768\" height=\"1024\" srcset=\"https:\/\/www.lieblingsmalerei.de\/wp-content\/uploads\/2020\/12\/image00106-768x1024.jpeg 768w, https:\/\/www.lieblingsmalerei.de\/wp-content\/uploads\/2020\/12\/image00106-600x800.jpeg 600w, https:\/\/www.lieblingsmalerei.de\/wp-content\/uploads\/2020\/12\/image00106-225x300.jpeg 225w, https:\/\/www.lieblingsmalerei.de\/wp-content\/uploads\/2020\/12\/image00106-158x210.jpeg 158w, https:\/\/www.lieblingsmalerei.de\/wp-content\/uploads\/2020\/12\/image00106-1536x2048.jpeg 1536w, https:\/\/www.lieblingsmalerei.de\/wp-content\/uploads\/2020\/12\/image00106-1960x2613.jpeg 1960w, https:\/\/www.lieblingsmalerei.de\/wp-content\/uploads\/2020\/12\/image00106-scaled.jpeg 1920w\" sizes=\"(max-width: 768px) 100vw, 768px\" \/><\/p>\n\n\n<p><\/p>\n","protected":false},"excerpt":{"rendered":"<p>Unter bunte Steine fallen bei mir alle Steinchen an, die keine Portraits zeigen, sondern farbenfrohe Kunstwerke. Oft hole ich mir Inspirationen aus dem Internet. Alle Steine werden erst auf Nachfrage produziert auch die Gr\u00f6\u00dfe wird dann auf Wunsch festgelegt, \u00e4hnlich wie bei den Tierportraits, allerdings sind diese Steine oft l\u00e4nglicher. Hier ein paar Inpressionen:<\/p>\n","protected":false},"author":1,"featured_media":184,"parent":0,"menu_order":0,"comment_status":"closed","ping_status":"closed","template":"","meta":{"footnotes":""},"class_list":["post-223","page","type-page","status-publish","has-post-thumbnail","hentry"],"_links":{"self":[{"href":"https:\/\/www.lieblingsmalerei.de\/herzlich-willkommen\/wp-json\/wp\/v2\/pages\/223"}],"collection":[{"href":"https:\/\/www.lieblingsmalerei.de\/herzlich-willkommen\/wp-json\/wp\/v2\/pages"}],"about":[{"href":"https:\/\/www.lieblingsmalerei.de\/herzlich-willkommen\/wp-json\/wp\/v2\/types\/page"}],"author":[{"embeddable":true,"href":"https:\/\/www.lieblingsmalerei.de\/herzlich-willkommen\/wp-json\/wp\/v2\/users\/1"}],"replies":[{"embeddable":true,"href":"https:\/\/www.lieblingsmalerei.de\/herzlich-willkommen\/wp-json\/wp\/v2\/comments?post=223"}],"version-history":[{"count":5,"href":"https:\/\/www.lieblingsmalerei.de\/herzlich-willkommen\/wp-json\/wp\/v2\/pages\/223\/revisions"}],"predecessor-version":[{"id":246,"href":"https:\/\/www.lieblingsmalerei.de\/herzlich-willkommen\/wp-json\/wp\/v2\/pages\/223\/revisions\/246"}],"wp:featuredmedia":[{"embeddable":true,"href":"https:\/\/www.lieblingsmalerei.de\/herzlich-willkommen\/wp-json\/wp\/v2\/media\/184"}],"wp:attachment":[{"href":"https:\/\/www.lieblingsmalerei.de\/herzlich-willkommen\/wp-json\/wp\/v2\/media?parent=223"}],"curies":[{"name":"wp","href":"https:\/\/api.w.org\/{rel}","templated":true}]}}